e q(c).
3
Let u(p) = -4*p**2 - 17*p + 4. Let j(c) = -2*c**2 - 9*c + 2. Let z(w) = -11*j(w) + 6*u(w). What is z(-3)?
-7
Let j(p) = p - 1. Let u be j(4). Let c(k) be the third derivative of -k**4/24 - k**3/6 + k**2. Determine c(u).
-4
Suppose -4*f + 12 = -0. Let r(d) be the third derivative of 1/24*d**4 - 1/3*d**f + 0 - d**2 + 0*d. Determine r(3).
1
Suppose i - 9 = 2*k, 5*k - 2*k = 3*i - 15. Let f(t) = t**2 + 1. Let y(b) = -5*b**2 - 6*b - 7. Let z(n) = i*y(n) + 4*f(n). Let w = -39 + 34. Calculate z(w).
2
Let k(g) = -8*g + 4. Let t(u) = 15*u - 9. Let b(o) = -5*k(o) - 3*t(o). What is b(7)?
-28
Let k be -3 - (-4 + -4 + 3). Let s(z) = -2*z**k + 4*z + 3 + 5*z**2 - 5*z - 2. Determine s(1).
3
Let i(y) = 2*y - 6. Let p(f) = f**3 + 15*f**2 - 15*f + 21. Let o be p(-16). Calculate i(o).
4
Let b(a) = -3*a + 18. Let n be b(8). Let w(z) = z**2 + 6*z + 5. Determine w(n).
5
Suppose 0*t - 2*t = 2. Let w be (-15)/(-5) - (t - -4). Let y(u) = w - u**2 - 1 - 2*u - 5*u**2 + 2. Give y(1).
-7
Let l(o) = 19*o**3 - 3 - 9*o**2 + 9*o**2 - 20*o**3 + 3*o. Give l(2).
-5
Let o(s) = -5*s**3 + s**3 - 1 - 2*s**2 - 2*s**2 - 6*s + 5*s**3. What is o(5)?
-6
Let x(q) be the third derivative of -q**5/60 - 3*q**4/8 - 5*q**3/6 + 7*q**2. Determine x(-7).
9
Let f(s) = s**3 - 6*s**2 - 5. Suppose 2*l - 2*u = 18, -4*l + 5*u = 6*u - 21. Give f(l).
-5
Let h(r) be the second derivative of r**3/6 + r**2/2 + 3*r. Calculate h(6).
7
Let d(m) = 3 + 56*m**2 - 53*m**2 - 3*m - 2*m**3 + m**3. Determine d(2).
1
Let h(m) = -2*m + 5. Let v(y) = -3*y + 5. Let n(w) = 4*h(w) - 3*v(w). Give n(-9).
-4
Let d = 14 - 14. Suppose -5*g + d*g + 4*p = 16, -2*p = 3*g - 8. Let v(r) = -r**3 - r**2 - 1. What is v(g)?
-1
Let p(h) be the first derivative of h**2/2 - 6*h + 13. Calculate p(0).
-6
Suppose x - 6*x + 20 = 0. Let y(c) be the third derivative of c**5/60 - c**4/12 - c**3/6 + 2*c**2. Determine y(x).
7
Suppose -3*j = -5*j + 3*n - 27, 5*j = n - 48. Let x(l) = l**2 + 10*l + 13. Determine x(j).
4
Let z(i) be the second derivative of -i**4/12 - i**3/6 + 2*i. Let o = -5 + 9. Suppose -o*k + v - 3*v = -4, -14 = -5*k + 2*v. Determine z(k).
-6
Let b(h) be the second derivative of h - 1/6*h**3 - h**2 + 0. Calculate b(3).
-5
Let d(i) be the first derivative of -i**4/4 - 4*i**3/3 + i**2 + 5*i - 25. Calculate d(-4).
-3
Let q be 1*-1*(-2 + 2). Let m(u) be the first derivative of -u**3/3 + u**2/2 - 2*u + 1. What is m(q)?
-2
Let n(x) = x**2 - 4. Let l be n(0). Let j(f) be the first derivative of -3/2*f**2 + 5*f - 1/3*f**3 - 2. Calculate j(l).
1
Suppose 0 = 4*z - r + 23, -5*z - 4*r - 31 = -3*r. Let m(n) = n**2 + 5*n - 3. Calculate m(z).
3
Let i(r) be the third derivative of -r**4/24 - r**3/2 - 2*r**2. Suppose 0*c = c + 5. What is i(c)?
2
Let m(z) = -z + 1. Let c(s) = -2*s + 1. Let y(b) = -c(b) + 4*m(b). Suppose 11 = -2*i + 3. Let l be 3 + -2*(-2)/i. What is y(l)?
-1
Let n(i) be the first derivative of i**5/20 - 7*i**4/12 + 5*i**3/6 + 3*i**2 + 2*i - 5. Let l(z) be the first derivative of n(z). Calculate l(6).
0
Let h(f) = f - 3. Let b be h(-1). Let v(w) = -w**2 - 5*w - 2. What is v(b)?
2
Let n = -59/2 - -30. Let b(i) be the third derivative of 5/24*i**4 + 0*i - n*i**3 + 0 - 1/60*i**5 + i**2. Give b(3).
3
Let u(g) = g**2 + 11*g + 11. Let f be u(-10). Let k(d) = 8*d**2 - 1. Calculate k(f).
7
Let q(h) be the first derivative of -4*h**2 + 3*h - 2. Suppose 5*w = 3*z - 26, -3*z + 2*w + 14 = -0*w. What is q(z)?
-13
Let s be 10/(-95) + (-582)/(-114). Let a(r) = -5*r**3 - 12*r**2 + 3*r + 9. Let p(y) = -2*y**3 - 6*y**2 + 2*y + 4. Let c(v) = -3*a(v) + 7*p(v). What is c(s)?
1
Let g(h) = 3 + 2*h - 3*h - 3*h + h. Determine g(3).
-6
Let q(n) be the second derivative of -5*n**4/4 + 2*n**3/3 - 3*n**2/2 + 6*n. Let t(y) = 14*y**2 - 3*y + 2. Let l(x) = -3*q(x) - 4*t(x). What is l(-1)?
-10
Let l(x) = -5*x**2 + x**3 - 5*x**3 + 5 + 5*x**3 - x. Calculate l(5).
0
Let x = 19 + -16. Let f(b) be the third derivative of 0*b + 1/6*b**x - b**2 - 1/24*b**4 + 0. Determine f(1).
0
Let d = -14 - -13. Let j(y) = 8*y**3 - y**2 + y + 1. Determine j(d).
-9
Let u = -6 + 26. Suppose -4*l - 2 = 2*v, u - 1 = -5*l + 3*v. Let g(p) = -p**2 - p + 1. Calculate g(l).
-1
Let f(v) = 6*v**2 - 6*v + 2. Let p(g) = -6*g**2 + 7*g - 1. Let w(c) = 6*f(c) + 5*p(c). Let l(u) = -7*u**2 + 2*u - 8. Let r(d) = 5*l(d) + 6*w(d). What is r(-3)?
-1
Let z(w) = 2*w - 3*w**3 - 4 + 4*w**2 + 4*w**3 - 2*w**3. Suppose 24 = -5*l + 2*h, -3*h - 2*h = 2*l - 2. Let y = l - -8. Determine z(y).
4
Suppose 3 = w - 0*w. Suppose w*d + 0*d = 6. Let t = d - 4. Let k(b) = b**2. Give k(t).
4
Suppose -2*y = -y + 4*y. Let l(i) = i**3 + i**2 - i - 9. Give l(y).
-9
Let w(f) be the third derivative of -f**5/60 - 10*f**2. Calculate w(2).
-4
Suppose -4*f + 0*z + z = -10, 0 = 2*z - 4. Let q be 4/f*(-6)/2. Let j(y) = 4 + 6*y - y - 2*y. Give j(q).
-8
Let q(g) be the first derivative of g**3/3 - 37. Calculate q(-3).
9
Let d(q) = 2 + q**3 + 4*q**2 + 146*q - 153*q - 6. Calculate d(-5).
6
Let w(n) = 0 - 10*n + 2 - 1. Let m = -21 + 22. Calculate w(m).
-9
Let o(k) = 2*k + 2. Let n(b) = -3*b - 3. Let t be (7 + 0 - 1) + -1. Let i(g) = t*n(g) + 8*o(g). Let a = 2 + -1. Calculate i(a).
2
Let v(k) be the second derivative of 4*k**3 - k**2/2 + 15*k. Determine v(-1).
-25
Let h(j) be the second derivative of j**5/20 - j**4/2 + 7*j**3/6 - 5*j**2/2 + 2*j. Give h(5).
5
Let z = -24 + 23. Let u(o) = 14*o**2. What is u(z)?
14
Let u be (56/16)/(2/(-4)). Let p(o) = o**3 + 6*o**2 - 9*o - 9. Give p(u).
5
Let u(n) be the third derivative of -n**5/60 + 5*n**4/24 + n**3/3 - n**2. Let p(a) = -3*a + 2. Let b be p(-6). Suppose -3*f = f - b. What is u(f)?
2
Let i(y) = y**2 - 2*y + 1. Let t(d) = -d**3 + 13*d**2 - 10*d - 15. Let b be t(12). Suppose 2*p + 3*p - 2*v = b, 0 = p + 3*v + 5. Give i(p).
0
Let p(x) = 2*x**2 - x + 2. Let r be p(2). Suppose 4*f = -w - 9 - 0, -f = -3*w - 14. Let j = r + w. Let v(z) = -z + 2. What is v(j)?
-1
Let c(z) = 5*z + 29 - 22 - 3*z - 5*z. Give c(5).
-8
Let t(g) = 6*g - 47. Let z be t(7). Let f(q) = q**3 + 5*q**2 + 4*q + 6. Determine f(z).
-14
Let l = 12 - 9. Let k(y) = -l*y**2 - 9 + 3*y + 7 + y**3 + y. Calculate k(2).
2
Let t(h) = -h**3 + 5*h**2 - 3*h - 2. Let s(a) be the first derivative of a**3/3 - 11*a**2/2 + 3*a - 22. Let x be 5/1*2 + 1. Let w be s(x). What is t(w)?
7
Let g(i) = i**2 + 5. Let m(f) = f**3 - 9*f**2 + 8*f. Suppose -4*y = -20 - 12. Let r be m(y). Calculate g(r).
5
Let x be (37 + -39)/(2/(-3)). Let w(f) be the second derivative of -1/6*f**4 - f + 1/2*f**2 + 0*f**x + 0 - 7/20*f**5. Calculate w(-1).
6
Let k be (7/2)/(3/6). Let x = k - 3. Let i(z) = -14*z**2 - 23*z - 15. Let q(w) = -5*w**2 - 8*w - 5. Let v(h) = 6*i(h) - 17*q(h). What is v(x)?
3
Let i be 0/2 - 0 - -2. Suppose -y - 1 = 0, 5 = -i*r + y - 4. Let j(m) be the first derivative of -m**3/3 - 3*m**2 + 2. Calculate j(r).
5
Let h = 1 - 0. Let b(r) = -3*r + h - 4 + 1 + 1. Let p be 1/1*(-1 + -2). Determine b(p).
8
Suppose z + 10 = -0*z. Let l(c) = -c - 12. Let i be l(z). Let o(w) = -w**3 - w**2 - 2*w - 3. Calculate o(i).
5
Let d(v) be the second derivative of -v**5/20 + 5*v**4/12 + v**3 - 12*v. Give d(6).
0
Suppose 5*x = 5 + 10. Let s(g) = -g**x + 2*g**3 + 5*g**2 - 4*g - 2*g**3 - 4. Determine s(4).
-4
Let h(j) = -j**2 + 5*j + 1. Let l = -3 - -9. Let o be h(l). Let a(s) be the second derivative of s**4/12 + 5*s**3/6 + 3*s**2 - s. Calculate a(o).
6
Let y(i) = 3 + 3*i + 4*i**2 + i - 2 - 2*i. Let u be y(-1). Suppose o - 29 = -5*t, 3*o - u*t - 1 = -o. Let r(x) = -x + 3. Determine r(o).
-1
Let v(p) = 2*p - p**2 + 7 - 7 + 3. What is v(4)?
-5
Let b(u) be the second derivative of -u**2 - 1/20*u**5 + 1/6*u**3 + 0*u**4 - 10*u + 0. Determine b(-2).
4
Let s(j) = -j**3 + 3*j**2 + 6*j - 4. Let c be s(4). Let m(t) = -3 + 3*t + c + t**2 + 0. Determine m(-2).
-1
Let u(y) = y. Let w(j) = 64*j - 8. Let a be w(-6). Let h be a/3 + (-6)/(-9). Let k be 4/14 + h/(-35). Calculate u(k).
4
Let i be 1 - (-1 + 0 + -1). Let z(f) be the second derivative of f**5/20 - f**4/6 - f**3/3 - 13*f. What is z(i)?
3
Let y(r) = r**3 - 5*r**2 + 4*r - 5. Let f be (-10)/(-3) + 2/3. Determine y(f).
-5
Let x(q) = -q**3 + 7*q**2 - 8*q + 9. Let t(i) = -2*i + 2. Let w be t(-2). What is x(w)?
-3
Let f(u) = -u + 2 - u**3 - 2*u**2 + 1 + 2*u**2 + 5*u**2. Give f(5).
-2
Let f(a) = a - 6. Let h(l) = 3*l - 11. Let v(m) = 5*f